s digit of 55529733?
5
What is the tens digit of 303463593?
9
What is the hundred thousands digit of 52820997?
8
What is the hundred thousands digit of 142779579?
7
What is the hundred thousands digit of 121468538?
4
What is the units digit of 1050639?
9
What is the millions digit of 1005949907?
5
What is the hundred thousands digit of 2088782929?
7
What is the ten thousands digit of 70833277?
3
What is the ten millions digit of 911650168?
1
What is the tens digit of 1049838811?
1
What is the tens digit of 8962997851?
5
What is the tens digit of 491878411?
1
What is the ten thousands digit of 36465308?
6
What is the ten millions digit of 79357903?
7
What is the millions digit of 38201725?
8
What is the hundred thousands digit of 761356815?
3
What is the hundreds digit of 1252768326?
3
What is the units digit of 384086413?
3
What is the tens digit of 1226531868?
6
What is the units digit of 1307969243?
3
What is the hundreds digit of 20020120?
1
What is the millions digit of 1590745333?
0
What is the ten millions digit of 12847705?
1
What is the hundreds digit of 16060387?
3
What is the tens digit of 236811851?
5
What is the hundreds digit of 528665301?
3
What is the millions digit of 7385591950?
5
What is the units digit of 218897616?
6
What is the millions digit of 336020139?
6
What is the hundred millions digit of 382597101?
3
What is the hundred millions digit of 1866666095?
8
What is the tens digit of 882893791?
9
What is the thousands digit of 5819724187?
4
What is the tens digit of 6862058647?
4
What is the millions digit of 190228261?
0
What is the thousands digit of 590977909?
7
What is the units digit of 316437232?
2
What is the ten millions digit of 377218268?
7
What is the thousands digit of 2059386951?
6
What is the thousands digit of 784350479?
0
What is the hundreds digit of 204163939?
9
What is the thousands digit of 43782964?
2
What is the ten millions digit of 1125326598?
2
What is the hundred millions digit of 113420692?
1
What is the tens digit of 54092193?
9
What is the hundred thousands digit of 110684499?
6
What is the units digit of 32594803?
3
What is the thousands digit of 147884666?
4
What is the units digit of 76084296?
6
What is the thousands digit of 1841094899?
4
What is the millions digit of 99437910?
9
What is the thousands digit of 1510124324?
4
What is the hundred millions digit of 747874393?
7
What is the thousands digit of 68936883?
6
What is the hundreds digit of 4316536500?
5
What is the ten thousands digit of 145024350?
2
What is the hundreds digit of 93864499?
4
What is the units digit of 251003689?
9
What is the tens digit of 1447717681?
8
What is the tens digit of 86147669?
6
What is the units digit of 21193191?
1
What is the billions digit of 5575051773?
5
What is the hundred millions digit of 1064528432?
0
What is the millions digit of 1218603990?
8
What is the ten thousands digit of 899219587?
1
What is the ten thousands digit of 25695197?
9
What is the ten thousands digit of 228364046?
6
What is the thousands digit of 49873919?
3
What is the hundred millions digit of 591438723?
5
What is the ten thousands digit of 562602872?
0
What is the millions digit of 27193100?
7
What is the hundred thousands digit of 6251100911?
1
What is the units digit of 10425442?
2
What is the tens digit of 38148395?
9
What is the tens digit of 1543900439?
3
What is the billions digit of 2710710508?
2
What is the tens digit of 274118901?
0
What is the hundreds digit of 37916129?
1
What is the units digit of 416276168?
8
What is the hundreds digit of 37724834?
8
What is the ten millions digit of 76278638?
7
What is the hundred thousands digit of 2351343318?
3
What is the ten millions digit of 2469020041?
6
What is the ten thousands digit of 2189775127?
7
What is the ten millions digit of 1221671726?
2
What is the units digit of 194350442?
2
What is the ten thousands digit of 1763413363?
1
What is the millions digit of 76656209?
6
What is the hundred thousands digit of 3625604934?
6
What is the tens digit of 37053?
5
What is the hundred thousands digit of 4253962182?
9
What is the ten millions digit of 197999051?
9
What is the ten millions digit of 171686242?
7
What is the units digit of 2078357166?
6
What is the billions digit of 1317035306?
1
What is the tens digit of 819089551?
5
What is the ten thousands digit of 112224926?
2
What is the thousands digit of 11734826?
4
What is the hundreds digit of 1291955879?
8
What is the tens digit of 597331938?
3
What is the ten thousands digit of 94040984?
4
What is the units digit of 1185766?
6
What is the hundreds digit of 16304096?
0
What is the tens digit of 40812496?
9
What is the hundred millions digit of 217442807?
2
What is the ten thousands digit of 75309260?
0
What is the thousands digit of 47437876?
7
What is the ten thousands digit of 852571800?
7
What is the hundreds digit of 28524288?
2
What is the hundred thousands digit of 120121464?
1
What is the hundred millions digit of 3676645294?
6
What is the hundred thousands digit of 89200082?
2
What is the hundred thousands digit of 39927745?
9
What is the hundred thousands digit of 71099376?
0
What is the hundreds digit of 61100201?
2
What is the millions digit of 20111664?
0
What is the units digit of 4880143121?
1
What is the units digit of 27038791?
1
What is the millions digit of 261268678?
1
What is the billions digit of 1556558763?
1
What is the tens digit of 3079887451?
5
What is the millions digit of 5158297626?
8
What is the hundred thousands digit of 50238488?
2
What is the thousands digit of 26024584?
4
What is the hundred millions digit of 327095166?
3
What is the thousands digit of 426357176?
7
What is the thousands digit of 49101213?
1
What is the hundreds digit of 1537877447?
4
What is the ten millions digit of 174137248?
7
What is the thousands digit of 137964434?
4
What is the thousands digit of 132081521?
1
What is the millions digit of 87985575?
7
What is the units digit of 1141793944?
4
What is the hundreds digit of 27100521?
5
What is the ten thousands digit of 122503607?
0
What is the units digit of 163951228?
8
What is the ten millions digit of 1714208536?
1
What is the tens digit of 55601400?
0
What is the hundreds digit of 155996486?
4
What is the units digit of 23723860?
0
What is the millions digit of 41094599?
1
What is the hundred millions digit of 599224784?
5
What is the hundreds digit of 9489308?
3
What is the tens digit of 341266365?
6
What is the units digit of 19150894?
4
What is the hundred thousands digit of 236347926?
3
What is the millions digit of 61231277?
1
What is the thousands digit of 398513629?
3
What is the millions digit of 1390442033?
0
What is the millions digit of 1963120?
1
What is the ten millions digit of 8744630646?
4
What is the millions digit of 471225640?
1
What is the ten millions digit of 89225371?
8
What is the ten millions digit of 4281719241?
8
What is the ten thousands digit of 159361227?
6
What is the hundred thousands digit of 2039519010?
5
What is the units digit of 321884970?
0
What is the hundreds digit of 41549583?
5
What is the hundreds digit of 31426844?
8
What is the thousands digit of 182035319?
5
What is the tens digit of 7104485913?
1
What is the hundred thousands digit of 199835237?
8
What is the millions digit of 108159252?
8
What is the units digit of 17408260?
0
What is the units digit of 18659374?
4
What is the thousands digit of 228628644?
8
What is the hundred millions digit of 1216239195?
2
What is the hundred thousands digit of 2924973739?
9
What is the units digit of 125129347?
7
What is the hundred millions digit of 120821967?
1
What is the units digit of 298246959?
9
What is the hundred thousands digit of 6966680?
9
What is the tens digit of 486738511?
1
What is the ten thousands digit of 78273205?
7
What is the ten millions digit of 51066124?
5
What is the units digit of 5536291476?
6
What is the hundred millions digit of 826934874?
8
What is the ten thousands digit of 5075392?
7
What is the units digit of 443782257?
7
What is the ten thousands digit of 620835916?
3
What is the ten thousands digit of 427093993?
9
What is the millions digit of 714532995?
4
What is the ten thousands digit of 343014397?
1
What is the ten thousands dig